{"id":4145,"date":"2022-10-03T07:13:00","date_gmt":"2022-10-03T07:13:00","guid":{"rendered":"https:\/\/jb-electronics.al\/?post_type=product&#038;p=4145"},"modified":"2022-10-03T07:13:04","modified_gmt":"2022-10-03T07:13:04","slug":"mbajtese-tv-wall-mount-plb-2222f","status":"publish","type":"product","link":"https:\/\/jb-electronics.al\/index.php\/product\/mbajtese-tv-wall-mount-plb-2222f\/","title":{"rendered":"Mbajt\u00ebse TV Wall Mount PLB-2222F"},"content":{"rendered":"","protected":false},"excerpt":{"rendered":"<p><strong>Specifika teknike<\/strong><\/p>\n<p>Mbajtese per televizor me madhesi 23&#8243;-43&#8243;<\/p>\n<p>Mbajtese per TV tuaj qe vendoset ne mur<\/p>\n<p>Per gjatesi diagonale 23&#8221;-43&#8243;.\u00a0Mban deri ne 35 kg peshe<\/p>\n<p>Televizori vendoset ne mur\u00a0dhe eshte krijuar ne menyre te tille qe te ofroje pamje mjaft te mire ne shtepine tuaj apo kudo e deshironi.<\/p>\n<p>Ambjenti i sht\u00ebpis\u00eb suaj do t\u00eb b\u00ebhet akoma dhe m\u00eb i bukur, pasi nuk ze vend<\/p>\n<div id=\"tab-1\" class=\"tab\">\n<p>Cdo gj\u00eb q\u00eb nevojitet p\u00ebr montim gjendet brenda kutis\u00eb<\/p>\n<p>Distanca nga muri eshte 19.5 mm<\/p>\n<\/div>\n","protected":false},"featured_media":4146,"template":"","meta":[],"product_brand":[],"product_cat":[95,21],"product_tag":[],"class_list":{"0":"post-4145","1":"product","2":"type-product","3":"status-publish","4":"has-post-thumbnail","6":"product_cat-mbajtese-televizori","7":"product_cat-televizor","8":"description-off","10":"first","11":"instock","12":"shipping-taxable","13":"product-type-simple"},"_links":{"self":[{"href":"https:\/\/jb-electronics.al\/index.php\/wp-json\/wp\/v2\/product\/4145","targetHints":{"allow":["GET"]}}],"collection":[{"href":"https:\/\/jb-electronics.al\/index.php\/wp-json\/wp\/v2\/product"}],"about":[{"href":"https:\/\/jb-electronics.al\/index.php\/wp-json\/wp\/v2\/types\/product"}],"wp:featuredmedia":[{"embeddable":true,"href":"https:\/\/jb-electronics.al\/index.php\/wp-json\/wp\/v2\/media\/4146"}],"wp:attachment":[{"href":"https:\/\/jb-electronics.al\/index.php\/wp-json\/wp\/v2\/media?parent=4145"}],"wp:term":[{"taxonomy":"product_brand","embeddable":true,"href":"https:\/\/jb-electronics.al\/index.php\/wp-json\/wp\/v2\/product_brand?post=4145"},{"taxonomy":"product_cat","embeddable":true,"href":"https:\/\/jb-electronics.al\/index.php\/wp-json\/wp\/v2\/product_cat?post=4145"},{"taxonomy":"product_tag","embeddable":true,"href":"https:\/\/jb-electronics.al\/index.php\/wp-json\/wp\/v2\/product_tag?post=4145"}],"curies":[{"name":"wp","href":"https:\/\/api.w.org\/{rel}","templated":true}]}}