{"id":3918,"date":"2022-09-23T09:27:22","date_gmt":"2022-09-23T09:27:22","guid":{"rendered":"https:\/\/jb-electronics.al\/?post_type=product&#038;p=3918"},"modified":"2022-09-23T09:27:23","modified_gmt":"2022-09-23T09:27:23","slug":"umidifikator-sencor-shf2000bl","status":"publish","type":"product","link":"https:\/\/jb-electronics.al\/index.php\/product\/umidifikator-sencor-shf2000bl\/","title":{"rendered":"Umidifikator SENCOR SHF2000BL"},"content":{"rendered":"","protected":false},"excerpt":{"rendered":"<p><strong>Specifika teknike<\/strong><\/p>\n<p>Marka: Sencor<\/p>\n<p>Tensioni dhe frekuenca: 220-240 V, 50 Hz<\/p>\n<p>Pesha: 1.7 kg<\/p>\n<p>Niveli i zhurm\u00ebs: 30 dB<\/p>\n<p>Tank uj\u00eb: 3 Liter<\/p>\n<p>Prodhim i lag\u00ebshtuesit: 250 ml\/or\u00eb<\/p>\n<p>Prodhon avull t\u00eb ftoht\u00eb<\/p>\n<p>I p\u00ebrshtatshem p\u00ebr dhoma deri n\u00eb 30 m2<\/p>\n<p>P\u00ebrmasat: 250 x 259 264 mm<\/p>\n","protected":false},"featured_media":3919,"template":"","meta":[],"product_brand":[],"product_cat":[80,88],"product_tag":[],"class_list":{"0":"post-3918","1":"product","2":"type-product","3":"status-publish","4":"has-post-thumbnail","6":"product_cat-kondicioner-mural","7":"product_cat-pastrues-ajri","8":"description-off","10":"first","11":"instock","12":"shipping-taxable","13":"product-type-simple"},"_links":{"self":[{"href":"https:\/\/jb-electronics.al\/index.php\/wp-json\/wp\/v2\/product\/3918","targetHints":{"allow":["GET"]}}],"collection":[{"href":"https:\/\/jb-electronics.al\/index.php\/wp-json\/wp\/v2\/product"}],"about":[{"href":"https:\/\/jb-electronics.al\/index.php\/wp-json\/wp\/v2\/types\/product"}],"wp:featuredmedia":[{"embeddable":true,"href":"https:\/\/jb-electronics.al\/index.php\/wp-json\/wp\/v2\/media\/3919"}],"wp:attachment":[{"href":"https:\/\/jb-electronics.al\/index.php\/wp-json\/wp\/v2\/media?parent=3918"}],"wp:term":[{"taxonomy":"product_brand","embeddable":true,"href":"https:\/\/jb-electronics.al\/index.php\/wp-json\/wp\/v2\/product_brand?post=3918"},{"taxonomy":"product_cat","embeddable":true,"href":"https:\/\/jb-electronics.al\/index.php\/wp-json\/wp\/v2\/product_cat?post=3918"},{"taxonomy":"product_tag","embeddable":true,"href":"https:\/\/jb-electronics.al\/index.php\/wp-json\/wp\/v2\/product_tag?post=3918"}],"curies":[{"name":"wp","href":"https:\/\/api.w.org\/{rel}","templated":true}]}}