{"id":3838,"date":"2022-09-22T08:59:55","date_gmt":"2022-09-22T08:59:55","guid":{"rendered":"https:\/\/jb-electronics.al\/?post_type=product&#038;p=3838"},"modified":"2022-09-30T11:01:48","modified_gmt":"2022-09-30T11:01:48","slug":"aspirator-electrolux-efv90657ok","status":"publish","type":"product","link":"https:\/\/jb-electronics.al\/index.php\/product\/aspirator-electrolux-efv90657ok\/","title":{"rendered":"Aspirator ELECTROLUX EFV90657OK"},"content":{"rendered":"","protected":false},"excerpt":{"rendered":"<p><strong>Specifikime teknike<\/strong><\/p>\n<p>Marka: Electrolux<\/p>\n<p>Lloji i instalimit: Oxhak, gj\u00ebr\u00ebsia 90 cm<\/p>\n<p>Numri i shpejt\u00ebsive: 3<\/p>\n<p>Kapaciteti i thithjes s\u00eb ajrit (i lart\u00eb\/i ul\u00ebt): \/ m\u00b3\/h<\/p>\n<p>Thithje e ajrit ose riqarkullim i mundsh\u00ebm, n\u00ebse \u00ebsht\u00eb instaluar filtri prej qymyrdruri (aksesor i mundsh\u00ebm).<\/p>\n<p>Lloji dhe numri i llampave t\u00eb aspiratorit:LED spotlight, 2<\/p>\n<p>Lloji dhe numri i filtrit lubrifikues: Rrjet\u00eb alumini, 2<\/p>\n<p>Ngjyra:\u00a0E zez\u00eb<\/p>\n<p>Dalja e ajrit:\u00a0150<\/p>\n<p>Pesha neto e pastruesit dhe aksesor\u00ebt pa paketime :\u00a016.8<\/p>\n<p>P\u00ebrmasat LxGjxTh n\u00eb mm:\u00a0912x898x379<\/p>\n<p>&nbsp;<\/p>\n","protected":false},"featured_media":3839,"template":"","meta":[],"product_brand":[],"product_cat":[72,69],"product_tag":[],"class_list":{"0":"post-3838","1":"product","2":"type-product","3":"status-publish","4":"has-post-thumbnail","6":"product_cat-aspiratore-joinkaso","7":"product_cat-gatim","8":"description-off","10":"first","11":"instock","12":"shipping-taxable","13":"product-type-simple"},"_links":{"self":[{"href":"https:\/\/jb-electronics.al\/index.php\/wp-json\/wp\/v2\/product\/3838","targetHints":{"allow":["GET"]}}],"collection":[{"href":"https:\/\/jb-electronics.al\/index.php\/wp-json\/wp\/v2\/product"}],"about":[{"href":"https:\/\/jb-electronics.al\/index.php\/wp-json\/wp\/v2\/types\/product"}],"wp:featuredmedia":[{"embeddable":true,"href":"https:\/\/jb-electronics.al\/index.php\/wp-json\/wp\/v2\/media\/3839"}],"wp:attachment":[{"href":"https:\/\/jb-electronics.al\/index.php\/wp-json\/wp\/v2\/media?parent=3838"}],"wp:term":[{"taxonomy":"product_brand","embeddable":true,"href":"https:\/\/jb-electronics.al\/index.php\/wp-json\/wp\/v2\/product_brand?post=3838"},{"taxonomy":"product_cat","embeddable":true,"href":"https:\/\/jb-electronics.al\/index.php\/wp-json\/wp\/v2\/product_cat?post=3838"},{"taxonomy":"product_tag","embeddable":true,"href":"https:\/\/jb-electronics.al\/index.php\/wp-json\/wp\/v2\/product_tag?post=3838"}],"curies":[{"name":"wp","href":"https:\/\/api.w.org\/{rel}","templated":true}]}}