{"id":2905,"date":"2022-06-07T08:02:09","date_gmt":"2022-06-07T08:02:09","guid":{"rendered":"https:\/\/jb-electronics.al\/?post_type=product&#038;p=2905"},"modified":"2022-06-17T10:14:25","modified_gmt":"2022-06-17T10:14:25","slug":"lavatrice-lg-f4dv709s1e","status":"publish","type":"product","link":"https:\/\/jb-electronics.al\/index.php\/product\/lavatrice-lg-f4dv709s1e\/","title":{"rendered":"Lavatrice LG F4DV709S1E"},"content":{"rendered":"","protected":false},"excerpt":{"rendered":"<p><strong>Specifika teknike<\/strong><\/p>\n<p>Marka: LG<\/p>\n<p>Lloji: Q\u00ebndrim i lir\u00eb<\/p>\n<p>Lloji i ngarkimit: Front-load<\/p>\n<p>Ngjyra e produktit: E bardh\u00eb<\/p>\n<p>Lloji i ekranit: LED<\/p>\n<p>Lloji i kontrollit: Buttons, Rotary<\/p>\n<p>K\u00ebndi i hapjes s\u00eb dyerve: 150 grad\u00eb<\/p>\n<p>V\u00ebllimi i daulleve: 68 L<\/p>\n<p>Kapaciteti i daulleve: 9 kg<\/p>\n<p>Shpejt\u00ebsia maksimale e rrotullimit: 1400 rpm<\/p>\n<p>Klasa e larjes: A<\/p>\n<p>Niveli i zhurm\u00ebs(rrotullimi):71 dB<\/p>\n<p>Niveli i zhurm\u00ebs( larja):54 dB<\/p>\n<p>NIveli i vones\u00ebs( max):19 dB<\/p>\n<p>Klasa e energjis\u00eb: A<\/p>\n<p>P\u00ebrmasat: 85 x 60 x 56 cm<\/p>\n<p>&nbsp;<\/p>\n","protected":false},"featured_media":2906,"template":"","meta":[],"product_brand":[],"product_cat":[76,23,130],"product_tag":[],"class_list":{"0":"post-2905","1":"product","2":"type-product","3":"status-publish","4":"has-post-thumbnail","6":"product_cat-larja","7":"product_cat-lavatrice","8":"product_cat-lavatrice-2","9":"description-off","11":"first","12":"instock","13":"shipping-taxable","14":"product-type-simple"},"_links":{"self":[{"href":"https:\/\/jb-electronics.al\/index.php\/wp-json\/wp\/v2\/product\/2905","targetHints":{"allow":["GET"]}}],"collection":[{"href":"https:\/\/jb-electronics.al\/index.php\/wp-json\/wp\/v2\/product"}],"about":[{"href":"https:\/\/jb-electronics.al\/index.php\/wp-json\/wp\/v2\/types\/product"}],"wp:featuredmedia":[{"embeddable":true,"href":"https:\/\/jb-electronics.al\/index.php\/wp-json\/wp\/v2\/media\/2906"}],"wp:attachment":[{"href":"https:\/\/jb-electronics.al\/index.php\/wp-json\/wp\/v2\/media?parent=2905"}],"wp:term":[{"taxonomy":"product_brand","embeddable":true,"href":"https:\/\/jb-electronics.al\/index.php\/wp-json\/wp\/v2\/product_brand?post=2905"},{"taxonomy":"product_cat","embeddable":true,"href":"https:\/\/jb-electronics.al\/index.php\/wp-json\/wp\/v2\/product_cat?post=2905"},{"taxonomy":"product_tag","embeddable":true,"href":"https:\/\/jb-electronics.al\/index.php\/wp-json\/wp\/v2\/product_tag?post=2905"}],"curies":[{"name":"wp","href":"https:\/\/api.w.org\/{rel}","templated":true}]}}