{"id":2653,"date":"2022-05-10T08:21:42","date_gmt":"2022-05-10T08:21:42","guid":{"rendered":"https:\/\/jb-electronics.al\/?post_type=product&#038;p=2653"},"modified":"2022-09-23T10:20:18","modified_gmt":"2022-09-23T10:20:18","slug":"grirese-arzum-ar1133","status":"publish","type":"product","link":"https:\/\/jb-electronics.al\/index.php\/product\/grirese-arzum-ar1133\/","title":{"rendered":"Grir\u00ebse ARZUM AR1133"},"content":{"rendered":"","protected":false},"excerpt":{"rendered":"<p><strong>Specifikat teknike<\/strong><\/p>\n<p>Lloji i thikave: Me 2 krah\u00eb<\/p>\n<p>Kapaciteti i en\u00ebs: 1 Lit\u00ebr<\/p>\n<p>Materiali i en\u00ebs: Qelq<\/p>\n<p>K\u00ebmb\u00eb gome kund\u00ebr rr\u00ebshqitjes: Po<\/p>\n<p>Fuqia: 600W<\/p>\n","protected":false},"featured_media":2654,"template":"","meta":[],"product_brand":[],"product_cat":[31,102],"product_tag":[],"class_list":{"0":"post-2653","1":"product","2":"type-product","3":"status-publish","4":"has-post-thumbnail","6":"product_cat-elektroshtepiake-te-vogla","7":"product_cat-grirese","8":"description-off","10":"first","11":"instock","12":"shipping-taxable","13":"product-type-simple"},"_links":{"self":[{"href":"https:\/\/jb-electronics.al\/index.php\/wp-json\/wp\/v2\/product\/2653","targetHints":{"allow":["GET"]}}],"collection":[{"href":"https:\/\/jb-electronics.al\/index.php\/wp-json\/wp\/v2\/product"}],"about":[{"href":"https:\/\/jb-electronics.al\/index.php\/wp-json\/wp\/v2\/types\/product"}],"wp:featuredmedia":[{"embeddable":true,"href":"https:\/\/jb-electronics.al\/index.php\/wp-json\/wp\/v2\/media\/2654"}],"wp:attachment":[{"href":"https:\/\/jb-electronics.al\/index.php\/wp-json\/wp\/v2\/media?parent=2653"}],"wp:term":[{"taxonomy":"product_brand","embeddable":true,"href":"https:\/\/jb-electronics.al\/index.php\/wp-json\/wp\/v2\/product_brand?post=2653"},{"taxonomy":"product_cat","embeddable":true,"href":"https:\/\/jb-electronics.al\/index.php\/wp-json\/wp\/v2\/product_cat?post=2653"},{"taxonomy":"product_tag","embeddable":true,"href":"https:\/\/jb-electronics.al\/index.php\/wp-json\/wp\/v2\/product_tag?post=2653"}],"curies":[{"name":"wp","href":"https:\/\/api.w.org\/{rel}","templated":true}]}}