{"id":2593,"date":"2022-05-04T09:31:23","date_gmt":"2022-05-04T09:31:23","guid":{"rendered":"https:\/\/jb-electronics.al\/?post_type=product&#038;p=2593"},"modified":"2022-09-30T10:57:55","modified_gmt":"2022-09-30T10:57:55","slug":"mikrovale-ecolux-mw65-wht","status":"publish","type":"product","link":"https:\/\/jb-electronics.al\/index.php\/product\/mikrovale-ecolux-mw65-wht\/","title":{"rendered":"Mikrovale ECOLUX MW65 WHT"},"content":{"rendered":"","protected":false},"excerpt":{"rendered":"<p><strong>Specifikime teknike<\/strong><\/p>\n<ul>\n<li>Marka: ECOLUX<\/li>\n<li>Dimensionet e produktit (HxWxDcm): 46\/59\/47<\/li>\n<li>Fuqia 700 W<\/li>\n<li>Grill 800 W<\/li>\n<li>Kapaciteti 20L<\/li>\n<li>10 funksione n\u00eb Mikroval\u00eb<\/li>\n<li>Funksionin e shkrirjes<\/li>\n<li>Sinjal pas p\u00ebrfundimit t\u00eb gatimit<\/li>\n<li>Koh\u00ebmat\u00ebs<\/li>\n<li>\u00c7el\u00ebs p\u00ebr f\u00ebmij\u00eb<\/li>\n<\/ul>\n","protected":false},"featured_media":2595,"template":"","meta":[],"product_brand":[],"product_cat":[69,25,75,119,126],"product_tag":[],"class_list":{"0":"post-2593","1":"product","2":"type-product","3":"status-publish","4":"has-post-thumbnail","6":"product_cat-gatim","7":"product_cat-mikrovale","8":"product_cat-mikrovale-3","9":"product_cat-mikrovale-4","10":"product_cat-mikrovale-inkaso","11":"description-off","13":"first","14":"instock","15":"shipping-taxable","16":"product-type-simple"},"_links":{"self":[{"href":"https:\/\/jb-electronics.al\/index.php\/wp-json\/wp\/v2\/product\/2593","targetHints":{"allow":["GET"]}}],"collection":[{"href":"https:\/\/jb-electronics.al\/index.php\/wp-json\/wp\/v2\/product"}],"about":[{"href":"https:\/\/jb-electronics.al\/index.php\/wp-json\/wp\/v2\/types\/product"}],"wp:featuredmedia":[{"embeddable":true,"href":"https:\/\/jb-electronics.al\/index.php\/wp-json\/wp\/v2\/media\/2595"}],"wp:attachment":[{"href":"https:\/\/jb-electronics.al\/index.php\/wp-json\/wp\/v2\/media?parent=2593"}],"wp:term":[{"taxonomy":"product_brand","embeddable":true,"href":"https:\/\/jb-electronics.al\/index.php\/wp-json\/wp\/v2\/product_brand?post=2593"},{"taxonomy":"product_cat","embeddable":true,"href":"https:\/\/jb-electronics.al\/index.php\/wp-json\/wp\/v2\/product_cat?post=2593"},{"taxonomy":"product_tag","embeddable":true,"href":"https:\/\/jb-electronics.al\/index.php\/wp-json\/wp\/v2\/product_tag?post=2593"}],"curies":[{"name":"wp","href":"https:\/\/api.w.org\/{rel}","templated":true}]}}